{"id":13,"date":"2024-03-25T12:49:29","date_gmt":"2024-03-25T11:49:29","guid":{"rendered":"http:\/\/magtrio.fr\/groupe\/?page_id=13"},"modified":"2024-03-25T12:50:07","modified_gmt":"2024-03-25T11:50:07","slug":"ecouter-musique-videos","status":"publish","type":"page","link":"https:\/\/magtrio.fr\/groupe\/ecouter-musique-videos\/","title":{"rendered":"Audios et vid\u00e9os"},"content":{"rendered":"\n<p>Voici quelques extraits audio et des vid\u00e9os de notre groupe.<\/p>\n\n\n\n<p>Le r\u00e9pertoire  est constitu\u00e9 <strong>des grands tubes Pop\/Soul\/Rock des ann\u00e9es 1970 jusqu&#8217;\u00e0 nos jours.<\/strong><\/p>\n\n\n\n<p>On y retrouve <strong>les Standards les plus connus<\/strong> de la vari\u00e9t\u00e9 internationale, arrang\u00e9s par nos soins, comme ceux des Beatles ou des Rolling Stones, Police, Radiohead, Jeff Buckley, Lou Reed, Jason Mraz, Jack Johnson ou Sting, Amy Winehouse, Rhianna, Norah Jones ou Michael Bubl\u00e9.<\/p>\n\n\n\n<p><strong>Nous interpr\u00e9tons et arrangeons \u00e9galement des titres Jazz, Soul, Folk, Reggae<\/strong> comme ceux d&#8217;Otis Redding, Bill Whithers, Aretha Franklin, Louis Amstrong, Tom Waits, Joni Mitchell, Bob Marley &#8230;entre autres&#8230;<\/p>\n\n\n\n<p>Pour t\u00e9l\u00e9charger une liste de morceaux de notre r\u00e9pertoire c&#8217;est ici: <a href=\"https:\/\/magtrio.fr\/groupe\/wp-content\/uploads\/2024\/03\/Repertoire-complet-Mars-2024.pdf\" target=\"_blank\" rel=\"noopener\" title=\"Repertoire-Setlist\">R\u00e9pertoire Complet Orange Trio<\/a><\/p>\n\n\n\n<h2 class=\"wp-block-heading\">Extraits audio<\/h2>\n\n\n\n<p>\u00c9coutez ci dessous <strong>une s\u00e9lection de quelques uns des morceaux<\/strong> du groupe en duo (Guitariste et Chanteuse) et en trio (Guitariste, Chanteuse, bassiste \/ petites percussions).<\/p>\n\n\n\n<h3 class=\"wp-block-heading\">Pop Rock<\/h3>\n\n\n\n<p>Notre r\u00e9pertoire Pop Rock, pour animer tous vos \u00e9v\u00e9nements, du Cocktail \u00e0 la soir\u00e9e dansante.<\/p>\n\n\n<div id=\"audioigniter-4637\" class=\"audioigniter-root \" data-player-type=\"full\" data-tracks-url=\"https:\/\/magtrio.fr\/groupe\/?audioigniter_playlist_id=4637\" data-display-track-no=\"true\" data-reverse-track-order=\"false\" data-display-tracklist-covers=\"true\" data-display-active-cover=\"true\" data-display-artist-names=\"true\" data-display-buy-buttons=\"true\" data-buy-buttons-target=\"true\" data-cycle-tracks=\"false\" data-display-credits=\"false\" data-display-tracklist=\"true\" data-allow-tracklist-toggle=\"true\" data-allow-tracklist-loop=\"true\" data-limit-tracklist-height=\"true\" data-volume=\"100\" data-tracklist-height=\"260\" ><\/div>\n\n\n\n<h3 class=\"wp-block-heading\">Soul<\/h3>\n\n\n\n<p>Extraits de notre r\u00e9pertoire Soul, id\u00e9al pour animer un Cocktail Lounge, une r\u00e9ception ou un vin d&#8217;honneur.<\/p>\n\n\n<div id=\"audioigniter-4614\" class=\"audioigniter-root \" data-player-type=\"full\" data-tracks-url=\"https:\/\/magtrio.fr\/groupe\/?audioigniter_playlist_id=4614\" data-display-track-no=\"true\" data-reverse-track-order=\"false\" data-display-tracklist-covers=\"true\" data-display-active-cover=\"true\" data-display-artist-names=\"true\" data-display-buy-buttons=\"true\" data-buy-buttons-target=\"true\" data-cycle-tracks=\"false\" data-display-credits=\"false\" data-display-tracklist=\"true\" data-allow-tracklist-toggle=\"true\" data-allow-tracklist-loop=\"true\" data-limit-tracklist-height=\"true\" data-volume=\"100\" data-tracklist-height=\"170\" ><\/div>\n\n\n\n<h3 class=\"wp-block-heading\"><br>Reggae<\/h3>\n\n\n<div id=\"audioigniter-4626\" class=\"audioigniter-root \" data-player-type=\"full\" data-tracks-url=\"https:\/\/magtrio.fr\/groupe\/?audioigniter_playlist_id=4626\" data-display-track-no=\"true\" data-reverse-track-order=\"false\" data-display-tracklist-covers=\"true\" data-display-active-cover=\"true\" data-display-artist-names=\"true\" data-display-buy-buttons=\"true\" data-buy-buttons-target=\"true\" data-cycle-tracks=\"false\" data-display-credits=\"false\" data-display-tracklist=\"true\" data-allow-tracklist-toggle=\"true\" data-allow-tracklist-loop=\"true\" data-limit-tracklist-height=\"true\" data-volume=\"100\" data-tracklist-height=\"120\" ><\/div>\n\n\n\n<h3 class=\"wp-block-heading\">Folk<\/h3>\n\n\n<div id=\"audioigniter-4645\" class=\"audioigniter-root \" data-player-type=\"full\" data-tracks-url=\"https:\/\/magtrio.fr\/groupe\/?audioigniter_playlist_id=4645\" data-display-track-no=\"true\" data-reverse-track-order=\"false\" data-display-tracklist-covers=\"true\" data-display-active-cover=\"true\" data-display-artist-names=\"true\" data-display-buy-buttons=\"true\" data-buy-buttons-target=\"true\" data-cycle-tracks=\"false\" data-display-credits=\"false\" data-display-tracklist=\"true\" data-allow-tracklist-toggle=\"true\" data-allow-tracklist-loop=\"true\" data-limit-tracklist-height=\"true\" data-volume=\"100\" data-tracklist-height=\"130\" ><\/div>\n\n\n\n<h2 class=\"wp-block-heading\">Vid\u00e9os<\/h2>\n\n\n\n<p>Des vid\u00e9os du groupe en formation Duo (Guitariste et chanteuse) et Trio (Guitariste chanteuse et bassiste\/petites percussions).<\/p>\n\n\n\n<h3 class=\"wp-block-heading\"><strong>Une vid\u00e9o en trio, Cover du tube de Bill Whithers &#8220;Ain&#8217;t no sunshine&#8221;<\/strong><\/h3>\n\n\n\n<div class=\"lyte-wrapper\" title=\"Ain&amp;#039;t no sunshine - Bill Withers - Female cover version - Cover by Orange trio Music\" style=\"width:640px;max-width:100%;margin:5px auto;\"><div class=\"lyMe hidef\" id=\"WYL_xb5WvLvzdxc\" itemprop=\"video\" itemscope itemtype=\"https:\/\/schema.org\/VideoObject\"><div><meta itemprop=\"thumbnailUrl\" content=\"https:\/\/magtrio.fr\/groupe\/wp-content\/plugins\/wp-youtube-lyte\/lyteCache.php?origThumbUrl=https%3A%2F%2Fi.ytimg.com%2Fvi%2Fxb5WvLvzdxc%2Fmaxresdefault.jpg\" \/><meta itemprop=\"embedURL\" content=\"https:\/\/www.youtube.com\/embed\/xb5WvLvzdxc\" \/><meta itemprop=\"duration\" content=\"PT2M53S\" \/><meta itemprop=\"uploadDate\" content=\"2020-08-19T16:06:38Z\" \/><\/div><div id=\"lyte_xb5WvLvzdxc\" data-src=\"https:\/\/magtrio.fr\/groupe\/wp-content\/plugins\/wp-youtube-lyte\/lyteCache.php?origThumbUrl=https%3A%2F%2Fi.ytimg.com%2Fvi%2Fxb5WvLvzdxc%2Fmaxresdefault.jpg\" class=\"pL\"><div class=\"tC\"><div class=\"tT\" itemprop=\"name\">Ain&#039;t no sunshine - Bill Withers - Female cover version - Cover by Orange trio Music<\/div><\/div><div class=\"play\"><\/div><div class=\"ctrl\"><div class=\"Lctrl\"><\/div><div class=\"Rctrl\"><\/div><\/div><\/div><noscript><a href=\"https:\/\/youtu.be\/xb5WvLvzdxc\" rel=\"nofollow\"><img loading=\"lazy\" decoding=\"async\" src=\"https:\/\/magtrio.fr\/groupe\/wp-content\/plugins\/wp-youtube-lyte\/lyteCache.php?origThumbUrl=https%3A%2F%2Fi.ytimg.com%2Fvi%2Fxb5WvLvzdxc%2F0.jpg\" alt=\"Ain&amp;#039;t no sunshine - Bill Withers - Female cover version - Cover by Orange trio Music\" width=\"640\" height=\"340\" \/><\/a><\/noscript><meta itemprop=\"description\" content=\"Here is our female cover version of Bill Withers&#039; famous hit &quot;Ain&#039;t no sunshine&quot; from his album &quot;Just as i am&quot;. Our band for this acoustic trio cover: a female singer and two musicians: An electric bass, a cajon, a Fender stratocaster guitar, and a shaker. Guitar groove is inspired by John Mayer&#039;s Style. #billwhithers #aintnosunshine #aintnosunshinecover #justasiam #coversongs Chapters: 00:00 Intro 00:12 Vocal 1:09 Bridge 1:30 Guitar solo 1:55 Vocal End Hire our locally based music band for your wedding, wedding ceremony, champagne party, birthday party in the south of France, Provence, Luberon and on the French Riviera (around Montpellier, N\u00eemes, Avignon, Arles, Marseille, Cannes et St Tropez). Hire our band here: https:\/\/magtrio.fr\/groupe\/ Lyrics of the song Ain&#039;t no sunshine: Ain&#039;t no sunshine when she&#039;s gone It&#039;s not warm when she&#039;s away Ain&#039;t no sunshine when she&#039;s gone And she&#039;s always gone too long Anytime she goes away Wonder this time where she&#039;s gone Wonder if she&#039;s gone to stay Ain&#039;t no sunshine when she&#039;s gone And this house just ain&#039;t no home Anytime she goes away And I know, I know, I know, I know I know, I know, I know, I know, I know I know, I know, I know, I know, I know I know, I know, I know, I know, I know I know, I know, I know, I know, I know I know, I know Hey, I oughta leave young thing alone But ain&#039;t no sunshine when she&#039;s gone Ain&#039;t no sunshine when she&#039;s gone Only darkness every day Ain&#039;t no sunshine when she&#039;s gone And this house just ain&#039;t no home Anytime she goes away Anytime she goes away Anytime she goes away Anytime she goes away\"><\/div><\/div><div class=\"lL\" style=\"max-width:100%;width:640px;margin:5px auto;\"> <a href=\"https:\/\/youtu.be\/xb5WvLvzdxc\" target=\"_blank\">Lire cette vid\u00e9o sur YouTube<\/a>.<\/div><\/p>\n\n\n\n<div style=\"height:20px\" aria-hidden=\"true\" class=\"wp-block-spacer\"><\/div>\n\n\n\n<h3 class=\"wp-block-heading\"><strong>Une vid\u00e9o en trio (avec ch\u0153urs et petites percussions), Britney Spears &#8230;Baby one more time<\/strong><\/h3>\n\n\n\n<div class=\"lyte-wrapper\" title=\"Baby one more time - Acoustic Cover - Britney Spears - Orange Trio Music\" style=\"width:640px;max-width:100%;margin:5px auto;\"><div class=\"lyMe hidef\" id=\"WYL_NJD9U39Bk-o\" itemprop=\"video\" itemscope itemtype=\"https:\/\/schema.org\/VideoObject\"><div><meta itemprop=\"thumbnailUrl\" content=\"https:\/\/magtrio.fr\/groupe\/wp-content\/plugins\/wp-youtube-lyte\/lyteCache.php?origThumbUrl=https%3A%2F%2Fi.ytimg.com%2Fvi%2FNJD9U39Bk-o%2Fmaxresdefault.jpg\" \/><meta itemprop=\"embedURL\" content=\"https:\/\/www.youtube.com\/embed\/NJD9U39Bk-o\" \/><meta itemprop=\"duration\" content=\"PT3M35S\" \/><meta itemprop=\"uploadDate\" content=\"2020-12-31T15:23:45Z\" \/><\/div><meta itemprop=\"accessibilityFeature\" content=\"captions\" \/><div id=\"lyte_NJD9U39Bk-o\" data-src=\"https:\/\/magtrio.fr\/groupe\/wp-content\/plugins\/wp-youtube-lyte\/lyteCache.php?origThumbUrl=https%3A%2F%2Fi.ytimg.com%2Fvi%2FNJD9U39Bk-o%2Fmaxresdefault.jpg\" class=\"pL\"><div class=\"tC\"><div class=\"tT\" itemprop=\"name\">Baby one more time - Acoustic Cover - Britney Spears - Orange Trio Music<\/div><\/div><div class=\"play\"><\/div><div class=\"ctrl\"><div class=\"Lctrl\"><\/div><div class=\"Rctrl\"><\/div><\/div><\/div><noscript><a href=\"https:\/\/youtu.be\/NJD9U39Bk-o\" rel=\"nofollow\"><img loading=\"lazy\" decoding=\"async\" src=\"https:\/\/magtrio.fr\/groupe\/wp-content\/plugins\/wp-youtube-lyte\/lyteCache.php?origThumbUrl=https%3A%2F%2Fi.ytimg.com%2Fvi%2FNJD9U39Bk-o%2F0.jpg\" alt=\"Baby one more time - Acoustic Cover - Britney Spears - Orange Trio Music\" width=\"640\" height=\"340\" \/><\/a><\/noscript><meta itemprop=\"description\" content=\"Our acoustic cover of &quot;Hit me baby one more time&quot; - Britney Spears. Acoustic trio arrangement with female vocalist and backing vocals, guitarist and some additional instruments: piano, dobro and cajon. Visit our website: https:\/\/magtrio.fr\/groupe\/ #coversong #britneyspears #hitmebabyonemoretime #britneyspearscover #babyonemoretime Baby one more time (title was originally &quot;hit me baby one more time&quot;) is the first single from English singer Britney Spears (released in 1998\/1999). It is also a title of his first album. Original arrangement by the members of the band Orange Trio Music. Our band usualy plays during private parties and wedding parties in the south of France (Provence and French Riviera), around Avignon, Montpellier, Cannes, Aix en Provence, Nice, St Tropez and Monaco. Lyrics of ...Baby one more time: Oh, baby, baby Oh, baby, baby Oh, baby, baby, how was I supposed to know That something wasn&#039;t right here? Oh, baby, baby, I shouldn&#039;t have let you go And now you&#039;re out of sight, yeah Show me how you want it to be Tell me, baby, &#039;cause I need to know now, oh, because My loneliness is killing me (And I) I must confess I still believe (Still believe) When I&#039;m not with you I lose my mind Give me a sign, hit me baby one more time Oh, baby, baby, the reason I breathe is you Boy, you got me blinded Oh, pretty baby, there&#039;s nothing that I wouldn&#039;t do It&#039;s not the way I planned it Show me how you want it to be Tell me, baby, &#039;cause I need to know now, oh, because My loneliness is killing me (And I) I must confess I still believe (Still believe) When I&#039;m not with you\u2026 Oh, baby, baby Oh-oh Oh, baby, baby Eh-eh-yeah Oh, baby, baby, how was I supposed to know? Oh, pretty baby, I shouldn&#039;t have let you go I must confess that my loneliness is killing me now Don&#039;t you know I still believe That you will be here, and give me a sign Hit me baby one more time My loneliness is killing me (And I) I must confess I still believe (Still believe) When I&#039;m not with you I lose my mind Give me a sign, hit me baby one more time I must confess that my loneliness is killing me now Don&#039;t you know I still believe That you will be here, and give me a sign Hit me baby one more time\"><\/div><\/div><div class=\"lL\" style=\"max-width:100%;width:640px;margin:5px auto;\"> <a href=\"https:\/\/youtu.be\/NJD9U39Bk-o\" target=\"_blank\">Lire cette vid\u00e9o sur YouTube<\/a>.<\/div><\/p>\n\n\n\n<div style=\"height:20px\" aria-hidden=\"true\" class=\"wp-block-spacer\"><\/div>\n\n\n\n<h3 class=\"wp-block-heading\"><strong>Une vid\u00e9o en trio Reggae, I Shot the Sheriff de Bob Marley<\/strong><\/h3>\n\n\n<div class=\"wp-block-image\">\n<figure class=\"aligncenter size-full\"><a href=\"https:\/\/youtu.be\/lJSCQ9ETWqA\" target=\"_blank\" rel=\"noreferrer noopener\"><img loading=\"lazy\" decoding=\"async\" width=\"600\" height=\"337\" src=\"https:\/\/magtrio.fr\/groupe\/wp-content\/uploads\/2023\/01\/i-shot-the-sheriff-cover-youtube-logo.webp\" alt=\"I Shot the sherif cover by Orange Trio Music\" class=\"wp-image-8837\" srcset=\"https:\/\/magtrio.fr\/groupe\/wp-content\/uploads\/2023\/01\/i-shot-the-sheriff-cover-youtube-logo.webp 600w, https:\/\/magtrio.fr\/groupe\/wp-content\/uploads\/2023\/01\/i-shot-the-sheriff-cover-youtube-logo-300x169.webp 300w\" sizes=\"auto, (max-width: 600px) 100vw, 600px\" \/><\/a><figcaption class=\"wp-element-caption\">I Shot the Sherrif &#8211; Bob Marley Cover<\/figcaption><\/figure>\n<\/div>\n\n\n<div style=\"height:20px\" aria-hidden=\"true\" class=\"wp-block-spacer\"><\/div>\n\n\n\n<h3 class=\"wp-block-heading\"><strong>Une vid\u00e9o en Duo Jazzy, reprise du tube &#8220;The more i See you&#8221; de Chris Montez<\/strong><\/h3>\n\n\n\n<div class=\"lyte-wrapper\" title=\"The more i see you - Reprise\/Cover Jazz Bossa (Chanteuse et Guitariste)\" style=\"width:640px;max-width:100%;margin:5px auto;\"><div class=\"lyMe hidef\" id=\"WYL_ZYRra0Ec1wg\" itemprop=\"video\" itemscope itemtype=\"https:\/\/schema.org\/VideoObject\"><div><meta itemprop=\"thumbnailUrl\" content=\"https:\/\/magtrio.fr\/groupe\/wp-content\/plugins\/wp-youtube-lyte\/lyteCache.php?origThumbUrl=https%3A%2F%2Fi.ytimg.com%2Fvi%2FZYRra0Ec1wg%2Fmaxresdefault.jpg\" \/><meta itemprop=\"embedURL\" content=\"https:\/\/www.youtube.com\/embed\/ZYRra0Ec1wg\" \/><meta itemprop=\"duration\" content=\"PT1M17S\" \/><meta itemprop=\"uploadDate\" content=\"2018-07-27T01:05:36Z\" \/><\/div><meta itemprop=\"accessibilityFeature\" content=\"captions\" \/><div id=\"lyte_ZYRra0Ec1wg\" data-src=\"https:\/\/magtrio.fr\/groupe\/wp-content\/plugins\/wp-youtube-lyte\/lyteCache.php?origThumbUrl=https%3A%2F%2Fi.ytimg.com%2Fvi%2FZYRra0Ec1wg%2Fmaxresdefault.jpg\" class=\"pL\"><div class=\"tC\"><div class=\"tT\" itemprop=\"name\">The more i see you - Reprise\/Cover Jazz Bossa (Chanteuse et Guitariste)<\/div><\/div><div class=\"play\"><\/div><div class=\"ctrl\"><div class=\"Lctrl\"><\/div><div class=\"Rctrl\"><\/div><\/div><\/div><noscript><a href=\"https:\/\/youtu.be\/ZYRra0Ec1wg\" rel=\"nofollow\"><img loading=\"lazy\" decoding=\"async\" src=\"https:\/\/magtrio.fr\/groupe\/wp-content\/plugins\/wp-youtube-lyte\/lyteCache.php?origThumbUrl=https%3A%2F%2Fi.ytimg.com%2Fvi%2FZYRra0Ec1wg%2F0.jpg\" alt=\"The more i see you - Reprise\/Cover Jazz Bossa (Chanteuse et Guitariste)\" width=\"640\" height=\"340\" \/><\/a><\/noscript><meta itemprop=\"description\" content=\"Reprise en duo Guitariste et chanteuse du standard de Chris Montez &quot;The more i see you&quot;, par Orange Trio Music. Nous reprenons le titre en Duo Acoustique dans un arrangement Jazz\/Bossa Nova avec guitariste et chanteuse. #chrismontez #coversong #weddingband #bossanovacovers Visitez notre Site: https:\/\/magtrio.fr\/groupe\/ Orange Trio Music, Mariages, Vins d&#039;honneurs, r\u00e9ceptions et \u00e9v\u00e8nements en Provence, Lub\u00e9ron et sur la Cote d&#039;Azur (French Riviera). Vid\u00e9o r\u00e9alis\u00e9e avec un bo\u00eetier Sony A7 R III et un objectif Sigma 50 mm 1.4 Art Paroles de The more i see you (Chris Montez) The more I see you, the more I want you Somehow this feeling just grows and grows With every sigh I become more mad about you More lost without you and so it goes Can you imagine how much I love you? The more I see you as years go by I know the only one for me can only be you My arms won&#039;t free you, and my heart won&#039;t try Can you imagine how much I love you? The more I see you as years go by I know the only one for me can only be you My arms won&#039;t free you, and my heart won&#039;t try\"><\/div><\/div><div class=\"lL\" style=\"max-width:100%;width:640px;margin:5px auto;\"> <a href=\"https:\/\/youtu.be\/ZYRra0Ec1wg\" target=\"_blank\">Lire cette vid\u00e9o sur YouTube<\/a>.<\/div><\/p>\n\n\n\n<p>Retrouvez \u00e9galement d&#8217;autres morceaux en \u00e9coute sur notre chaine<strong> Youtube<\/strong><\/p>\n\n\n\n<p>Abonnez vous! en suivant <a href=\"https:\/\/www.youtube.com\/channel\/UCUc-m8A95mE9zLlNvVtLfFQ?sub_confirmation=1\" target=\"_blank\" rel=\"noreferrer noopener\">ce lien d&#8217;abonnement<\/a><\/p>\n\n\n\n<p>Ou visitez et visionnez nos vid\u00e9os <a href=\"https:\/\/www.youtube.com\/channel\/UCUc-m8A95mE9zLlNvVtLfFQ\" target=\"_blank\" rel=\"noreferrer noopener\">Cha\u00eene Youtube Orange Trio ici<\/a><\/p>\n","protected":false},"excerpt":{"rendered":"<p>Voici quelques extraits audio et des vid\u00e9os de notre groupe. Le r\u00e9pertoire est constitu\u00e9 des grands tubes Pop\/Soul\/Rock des ann\u00e9es 1970 jusqu&#8217;\u00e0 nos jours. On y retrouve les Standards les plus connus de la vari\u00e9t\u00e9 internationale, arrang\u00e9s par nos soins, comme ceux des Beatles ou des Rolling Stones, Police, Radiohead, Jeff Buckley, Lou Reed, Jason &hellip; <\/p>\n<p class=\"link-more\"><a href=\"https:\/\/magtrio.fr\/groupe\/ecouter-musique-videos\/\" class=\"more-link\">Continuer la lecture<span class=\"screen-reader-text\"> de &laquo;&nbsp;Audios et vid\u00e9os&nbsp;&raquo;<\/span><\/a><\/p>\n","protected":false},"author":4,"featured_media":0,"parent":0,"menu_order":0,"comment_status":"closed","ping_status":"open","template":"","meta":{"footnotes":""},"class_list":["post-13","page","type-page","status-publish","hentry"],"featured_image_src":null,"aioseo_notices":[],"_links":{"self":[{"href":"https:\/\/magtrio.fr\/groupe\/wp-json\/wp\/v2\/pages\/13","targetHints":{"allow":["GET"]}}],"collection":[{"href":"https:\/\/magtrio.fr\/groupe\/wp-json\/wp\/v2\/pages"}],"about":[{"href":"https:\/\/magtrio.fr\/groupe\/wp-json\/wp\/v2\/types\/page"}],"author":[{"embeddable":true,"href":"https:\/\/magtrio.fr\/groupe\/wp-json\/wp\/v2\/users\/4"}],"replies":[{"embeddable":true,"href":"https:\/\/magtrio.fr\/groupe\/wp-json\/wp\/v2\/comments?post=13"}],"version-history":[{"count":0,"href":"https:\/\/magtrio.fr\/groupe\/wp-json\/wp\/v2\/pages\/13\/revisions"}],"wp:attachment":[{"href":"https:\/\/magtrio.fr\/groupe\/wp-json\/wp\/v2\/media?parent=13"}],"curies":[{"name":"wp","href":"https:\/\/api.w.org\/{rel}","templated":true}]}}